{"id":2,"date":"2021-02-08T20:39:59","date_gmt":"2021-02-08T19:39:59","guid":{"rendered":"http:\/\/robertogreco.eu\/genetealogia\/?page_id=2"},"modified":"2025-07-31T11:27:43","modified_gmt":"2025-07-31T09:27:43","slug":"introduzione","status":"publish","type":"page","link":"https:\/\/robertogreco.eu\/genetealogia\/","title":{"rendered":"Introduzione"},"content":{"rendered":"\r\n<p id=\"Top\" style=\"text-align: right;\">&#8220;<em>Nel mezzo del cammin di nostra vita<br \/><\/em><em>Mi ritrovai per una selva oscura;<\/em><br \/><em>Ch\u00e8 la diritta via era smarrita.<\/em><br \/><em>Ahi quanto, a dir qual era, \u00e8 cosa dura,<\/em><br \/><em>Questa selva selvaggia e aspra e forte,<\/em><br \/><em>Che nel pensier rinnova la paura!<\/em><br \/><em>Tanto \u00e8 amara, che poco \u00e8 pi\u00f9 morte.<\/em><br \/><em>Ma, per trattar del ben ch&#8217;i&#8217; vi trovai,<\/em><br \/><em>Dir\u00f2 dell&#8217;altre cose ch&#8217;i&#8217; v&#8217;ho scorte.<\/em>&#8220;<br \/>Dante Alighieri<sup>[<a href=\"#nota2\">2<\/a>]<\/sup><\/p>\r\n<h2>Il Mio Viaggio nella Genealogia<\/h2>\r\n<p>La <b>storia della mia famiglia<\/b> e l&#8217;origine dei miei antenati mi hanno sempre affascinato. Ricordo con piacere i numerosi raduni familiari, ricchi di racconti e aneddoti, che hanno alimentato il mio desiderio di conoscere le mie radici. Sebbene da giovane non avessi la lungimiranza di annotare nomi e date, il seme della curiosit\u00e0 era gi\u00e0 piantato.<\/p>\r\n<h3>I Primi Passi e le Scoperte<\/h3>\r\n<p>I miei primi approcci alla genealogia risalgono agli anni &#8217;90, quando mio padre mi consegn\u00f2 un <b>albero genealogico<\/b> del trisavolo Francesco And\u00f2. Era un punto di partenza prezioso, seppur privo di date e luoghi. Poco dopo, un incontro pi\u00f9 approfondito avvenne grazie a mio prozio Don Virginio, il cui libro &#8220;Acquasanta Volume IV&#8221; (pubblicato nel 2010) svel\u00f2 la storia della famiglia Cognoli di Acquasanta Terme, documentando due secoli di vita in un borgo marchigiano.<\/p>\r\n<p>Nonostante la passione crescesse, solo nel <b>2016<\/b> ho potuto dedicarmi seriamente a questo <b>viaggio genealogico<\/b>. Ho scoperto che la genealogia non \u00e8 solo una lista di nomi e date, ma un intreccio di storia, geografia, religione, politica e vita sociale. \u00c8 la storia di come e dove hanno vissuto i nostri antenati, un viaggio che ci permette di intuire le loro scelte e persino, a volte, di romanzarle.<\/p>\r\n<h3>La Genealogia si Allarga: Cugini Lontani e Genetica<\/h3>\r\n<p>Le mie ricerche mi hanno subito messo in contatto con parenti lontani. Ho conosciuto <b>Laura<\/b>, una cugina di quarto grado australiana, e <b>Jerral<\/b>, un cugino di terzo grado dagli Stati Uniti, entrambi appassionati di genealogia. Questi incontri hanno amplificato la mia ricerca, estendendola non solo agli antenati ma anche ai <b>cugini sparsi per il mondo<\/b>.<\/p>\r\n<p>Nel frattempo, la genealogia si \u00e8 evoluta. Alla ricerca documentale si \u00e8 affiancata la <b>genetica<\/b>, dando vita alla <b>genetealogia<\/b>. Grazie ai test del DNA, io, Laura e Jerral abbiamo potuto confermare la nostra consanguineit\u00e0.<\/p>\r\n<p>Questo sito \u00e8 il mio <b>diario di viaggio<\/b>: qui troverai i risultati delle mie ricerche, i metodi e gli strumenti utilizzati, gli errori da evitare e le storie di famiglia, siano esse leggende, fatti documentati o narrazioni romanzate. Contiene anche i miei ricordi, pur consapevole della loro soggettivit\u00e0.<\/p>\r\n<p>Buon Viaggio!<\/p>\r\n<p><em>Roberto S. Greco<\/em>, detto <em>Roby<\/em>, detto <em>Ciro<\/em>.<br \/><em>Lord of the Manor of Hougun<\/em>\u00a0 e <em>Laird o&#8217;Chaol Gleann<\/em>.\u00a0<\/p>\r\n<p id=\"Torna5\">P.S.: Un\u2019ultima precisazione: su queste pagine, quando si parla di Alessandria, se non altro specificato, si intende Alessandria d\u2019Egitto<sup>[<a href=\"#nota5\" name=\"_ftnref1\">5<\/a>]<\/sup>.<\/p>\r\n<p>Fino ad oggi, non ho trovato alcun parente o antenato che sia nato, abbia vissuto, o sia deceduto ad Alessandria in Piemonte.<\/p>\r\n<p>Inoltre, sempre se non altrimenti specificato, quando si parla di Santa Caterina (o S. Caterina o abbreviato con StCat) si intende la Cattedrale di Santa Caterina<sup>[<a href=\"#nota6\" name=\"_ftnref1\">6<\/a>]<\/sup> ad Alessandria d\u2019Egitto.<\/p>\r\n<hr \/>\r\n<p><sup>[<a name=\"nota1\"><\/a>1]<\/sup> Da [<a href=\"https:\/\/robertogreco.eu\/biblioteca\/tommaseo1865\/\" target=\"_blank\" rel=\"noopener\">tommaseo1865<\/a>, pag. II]. \u2192 <a href=\"#Top\">torna su<\/a>.<br \/><sup>[<a name=\"nota2\"><\/a>2]<\/sup> Dante Alighieri (Firenze 1265-Ravenna 1321), La Divina Commedia, L&#8217;Inferno, Canto I, 1-3. [<a href=\"https:\/\/robertogreco.eu\/biblioteca\/tommaseo1865\/\" target=\"_blank\" rel=\"noopener\">tommaseo1865<\/a>, pag. 5 (pag. 79 del <em>pdf<\/em>)]. \u2192 <a href=\"#Top\">torna su<\/a>.<br \/><sup>[<a name=\"nota3\"><\/a>3]<\/sup> Giuseppe Giusti (Monsummano Terme 1809\u2013Firenze 1850), Sant\u2019Ambrogio, II ottava in [<a href=\"https:\/\/robertogreco.eu\/biblioteca\/fioretto1877\/\">fioretto1877<\/a>, pag. 386]. \u2192 <a href=\"#Torna3\">torna su<\/a>.<br \/><sup>[<a name=\"nota4\"><\/a>4]<\/sup> [<a href=\"https:\/\/robertogreco.eu\/biblioteca\/cognoli2010\/\">cognoli2010<\/a>]. \u2192 <a href=\"#Torna4\">torna su<\/a>.<br \/><sup>[<a name=\"nota5\"><\/a>5]<\/sup> In arabo: \u0627\u0644\u0623\u0633\u0643\u0646\u062f\u0631\u064a\u0629\u200e [al-Iskandariyya]; in greco antico: \u1f08\u03bb\u03b5\u03be\u03ac\u03bd\u03b4\u03c1\u03b5\u03b9\u03b1 [Alex\u00e1ndreia]; in latino: <em>Alexandrea ad Aegyptum<\/em>; in inglese: <em>Alexandria<\/em>; in francese <em>Alexandrie<\/em>; in tedesco: <em>Alexandria<\/em>; in russo: \u0410\u043b\u0435\u043a\u0441\u0430\u043d\u0434\u0440\u0438\u044f [Alexandriya]. \u2192 <a href=\"#Torna5\">torna su<\/a>.<br \/><sup>[<a name=\"nota6\"><\/a>6]<\/sup> In arabo: \u0643\u0627\u062a\u062f\u0631\u0627\u0626\u064a\u0629 \u0633\u0627\u0646\u062a \u0643\u0627\u062a\u0631\u064a\u0646\u200e [katidrayiyat sanat katirina\u200e] in El Mancheya el Soghra (\u0627\u0644\u0645\u0646\u0634\u064a\u0629 \u0627\u0644\u0635\u063a\u0631\u0649). \u2192 <a href=\"#Torna5\">torna su<\/a>.<br \/><sup>[<a name=\"nota7\"><\/a>7]<\/sup> Foto di sconosciuto scaricata il 15.10.2020 da <a href=\"https:\/\/www.news247.gr\/kosmos\/diodia-stin-alexandreia-grammena-sta-ellinika.6144973.html\">https:\/\/www.news247.gr\/kosmos\/diodia-stin-alexandreia-grammena-sta-ellinika.6144973.html<\/a>. \u2192 <a href=\"#Torna5\">torna su<\/a>.<br \/><sup>[<a name=\"nota8\"><\/a>8]<\/sup> Foto propria scattata il 26.12.2017. \u2192 <a href=\"#Torna5\">torna su<\/a>.<\/p>","protected":false},"excerpt":{"rendered":"<p>&#8220;Nel mezzo del cammin di nostra vitaMi ritrovai per una selva oscura;Ch\u00e8 la diritta via era smarrita.Ahi quanto, a dir qual era, \u00e8 cosa dura,Questa selva selvaggia e aspra e forte,Che nel pensier rinnova la paura!Tanto \u00e8 amara, che poco \u00e8 pi\u00f9 morte.Ma, per trattar del ben ch&#8217;i&#8217; vi trovai,Dir\u00f2 dell&#8217;altre cose ch&#8217;i&#8217; v&#8217;ho scorte.&#8220;Dante [&hellip;]<\/p>\n","protected":false},"author":1,"featured_media":753,"parent":0,"menu_order":0,"comment_status":"closed","ping_status":"open","template":"","meta":{"footnotes":""},"class_list":["post-2","page","type-page","status-publish","has-post-thumbnail","hentry"],"_links":{"self":[{"href":"https:\/\/robertogreco.eu\/genetealogia\/wp-json\/wp\/v2\/pages\/2","targetHints":{"allow":["GET"]}}],"collection":[{"href":"https:\/\/robertogreco.eu\/genetealogia\/wp-json\/wp\/v2\/pages"}],"about":[{"href":"https:\/\/robertogreco.eu\/genetealogia\/wp-json\/wp\/v2\/types\/page"}],"author":[{"embeddable":true,"href":"https:\/\/robertogreco.eu\/genetealogia\/wp-json\/wp\/v2\/users\/1"}],"replies":[{"embeddable":true,"href":"https:\/\/robertogreco.eu\/genetealogia\/wp-json\/wp\/v2\/comments?post=2"}],"version-history":[{"count":9,"href":"https:\/\/robertogreco.eu\/genetealogia\/wp-json\/wp\/v2\/pages\/2\/revisions"}],"predecessor-version":[{"id":754,"href":"https:\/\/robertogreco.eu\/genetealogia\/wp-json\/wp\/v2\/pages\/2\/revisions\/754"}],"wp:featuredmedia":[{"embeddable":true,"href":"https:\/\/robertogreco.eu\/genetealogia\/wp-json\/wp\/v2\/media\/753"}],"wp:attachment":[{"href":"https:\/\/robertogreco.eu\/genetealogia\/wp-json\/wp\/v2\/media?parent=2"}],"curies":[{"name":"wp","href":"https:\/\/api.w.org\/{rel}","templated":true}]}}