{"id":26,"date":"2021-02-08T18:41:35","date_gmt":"2021-02-08T17:41:35","guid":{"rendered":"http:\/\/robertogreco.eu\/lessico-genealogico\/?page_id=26"},"modified":"2021-02-08T19:58:02","modified_gmt":"2021-02-08T18:58:02","slug":"definizioni-e-tassonomie","status":"publish","type":"page","link":"https:\/\/robertogreco.eu\/lessico-genealogico\/definizioni-e-tassonomie\/","title":{"rendered":"Definizioni e Tassonomie"},"content":{"rendered":"<p>Sugli atti dello stato civile (p.es. nascita, matrimonio, morte), ed a volte anche nei rigistri parrocchiali (p.es. battesimo, matrimonio, morte), ma anche in genere in altri atti, come quelli notarili, tra le varie caratteristiche di una persona, sia essa il titolare dell&#8217;atto o un testimone o un dichiarante, \u00e8 indicata la <strong>professione<\/strong>, l&#8217;<strong>occupazione<\/strong> o la <strong>condizione<\/strong> della persona. Inoltre, i nomi delle persone citate nell&#8217;atto, sono spesso indicati insieme al <strong>titolo<\/strong> della persona stessa.<\/p>\n<p>Nel tentativo di normalizzare<sup>[<a href=\"#nota1\">1<\/a>]<\/sup> le informazioni presenti negli atti, tali termini vengono quindi considerati come sinonimi, il ch\u00e9 genera quindi confusione: in internet ci sono molte liste (cfr. p.es. [<a href=\"https:\/\/famiglia-greco.eu\/liste2020\/\">liste2020<\/a>]) di &#8220;Professioni ed Occupazioni&#8221;, con le traduzioni in inglese, che comprendono termini che professioni non sono, generando un miscuglio di professioni, titoli, condizioni sociali.<\/p>\n<h2>Alcune Definizioni<\/h2>\n<p>\u00c8 quindi necessario per prima cosa definire i suddetti termini. In seguito, quindi, bisogner\u00e0 definire chiaramente le tassonomie<sup>[<a href=\"#nota2\">2<\/a>]<\/sup> e stabilire, per ogni termine del lessico genealogico, il suo posto in tali tassonomie.<\/p>\n<p>Distingueremo, quindi, per prima cosa:<\/p>\n<ul>\n<li><a href=\"https:\/\/robertogreco.eu\/lessico-genealogico\/definizioni-e-tassonomie\/definizioni-professioni-ed-occupazioni\/\">Professioni ed Occupazioni<\/a>,<\/li>\n<li><a href=\"https:\/\/robertogreco.eu\/lessico-genealogico\/definizioni-e-tassonomie\/arti-e-mestieri\/\">Arti e Mestieri<\/a>,<\/li>\n<li><a href=\"https:\/\/robertogreco.eu\/lessico-genealogico\/definizioni-e-tassonomie\/titoli-funzioni-condizioni\/\">Titoli, Funzioni e Condizioni<\/a>.<\/li>\n<\/ul>\n<h2>Dopo la Teoria, la Pratica<\/h2>\n<figure id=\"attachment_5990\" class=\"thumbnail wp-caption alignright\" style=\"width: 310px\"><img loading=\"lazy\" decoding=\"async\" class=\"size-medium wp-image-5990\" src=\"http:\/\/lessico-genealogico.robertogreco.eu\/wp-content\/uploads\/2021\/02\/Una-Residenza-Mondiale.png\" alt=\"in tutto il mondo\" width=\"300\" height=\"133\" \/><figcaption class=\"caption wp-caption-text\">Professione: zingaro!<\/figcaption><\/figure>\n<p>Fin qui la teoria. In pratica, guardando i registri dello stato civile, si vede che i termini professione, occupazione ed anche condizione vengono interpretati, dai diversi ufficiali dello stato civile che redigono i registri, a seconda del tempo e della localit\u00e0, in maniera quasi intercambiabile o comunque a volte con molta fantasia.<\/p>\n<p>Un esempio per tutti \u00e8 l&#8217;atto di nascita del 1822 numero 57 del comune di Petrona in provincia di Catanzaro, dove, come professione dei genitori \u00e8 indicato &#8220;<a href=\"https:\/\/famiglia-greco.eu\/zingaro\/\">zingaro<\/a>&#8220;, il quale, a parte essere un termine non politicamente corretto, ma a quei tempi in uso, non \u00e8 sicuramente n\u00e8 una professione, n\u00e8 una condizione sociale, ma indica l&#8217;appartenza al popolo Rom<sup>[<a href=\"#nota5\">5<\/a>]<\/sup>. Nello stesso atto, come residenza \u00e8 indicato &#8220;in tutto il mondo&#8221;, che d\u00e0 un&#8217;idea del modo di interpretare le informazioni degli atti dall&#8217;ufficiale dello stato civile locale o dal dichiarante.<\/p>\n<h2>Diversi Punti di Vista<\/h2>\n<p>Per analizzare e classificare i termini usati nei registri dello Stato Civile ed i quelli parrocchiali \u00e8 necessario tener conto di diversi punti di vista, tra i quali almeno:<\/p>\n<ul>\n<li><a href=\"https:\/\/robertogreco.eu\/lessico-genealogico\/definizioni-e-tassonomie\/punto-di-vista-spazio-temporale\/\">spazio-temporale<\/a>;<\/li>\n<li><a href=\"https:\/\/robertogreco.eu\/lessico-genealogico\/definizioni-e-tassonomie\/punto-di-vista-genealogico\/\">genealogico<\/a>;<\/li>\n<li><a href=\"https:\/\/robertogreco.eu\/lessico-genealogico\/definizioni-e-tassonomie\/punto-di-vista-linguistico\/\">linguistico<\/a>.<\/li>\n<\/ul>\n<h1>Tassonomie<\/h1>\n<p>Per le considerazioni sopra esposte e soprattutto per aiutare nelle ricerche genealogiche sembra opportuno classificare i termini trovati nei registri dello stato civile, in quelli parrocchiali e notarili, cos\u00ec come in documenti e scritti dei secoli passati. Questo potrebbe aiutare ad inquadrare nel contesto socio-economico i nostri antenati e capire in quali ambiti essi svolgevano le loro attivit\u00e0.<\/p>\n<p>Inoltre e soprattutto perch\u00e9 durante le ricerche genealogiche pu\u00f2 capitare di essere in dubbio sull&#8217;appartenenza di una persona al proprio albero genealogico. In passato arti e mestieri venivano tramandati di padre in figlio, soprattutto il primogenito, il quale ereditava anche gli strumenti per svolgere il mestiere. Spesso l&#8217;intera famiglia era coinvolta nell&#8217;attivit\u00e0.<\/p>\n<p>Sia a livello europeo (cfr. [<a href=\"https:\/\/famiglia-greco.eu\/riferimenti\/riferimenti-mestieri\/isco-08\/\">isco-08<\/a>], solo in inglese, francese e tedesco, e e [<a href=\"https:\/\/famiglia-greco.eu\/riferimenti\/riferimenti-mestieri\/esco-08\/\">esco-08<\/a>] in italiano) che a livello nazionale (cfr. [<a href=\"https:\/\/famiglia-greco.eu\/riferimenti\/riferimenti-mestieri\/istat2013\/\">istat2013<\/a>] e [<a href=\"https:\/\/famiglia-greco.eu\/riferimenti\/riferimenti-mestieri\/istat2020\/\">istat2020<\/a>], quest&#8217;ultimo sembra sia l&#8217;implementazione italiana dell&#8217; [<a href=\"https:\/\/famiglia-greco.eu\/riferimenti\/riferimenti-mestieri\/isco-88\/\">isco-88<\/a>], precedente al citato [<a href=\"https:\/\/famiglia-greco.eu\/riferimenti\/riferimenti-mestieri\/isco-08\/\">isco-08<\/a>]) esistono classificazioni delle professioni. Ciononostante tali classificazioni considerano le professioni attuali: arti e mestieri scomparsi non sono considerati.<\/p>\n<p>Bisogna anche considerare che i mestieri sono cambiati anche nella loro esecuzione: da una prettamente manuale ad una sempre pi\u00f9 meccanizzata ed al giorno d&#8217;oggi automatizzata. Lo stesso termine, come anche detto precedentemente, pur indicando lo stesso mestiere, ha quindi assunto un connotato diverso, si pensi per esempio al <a href=\"https:\/\/famiglia-greco.eu\/professioni-ed-altro\/professioni\/professioni-verificate-f1\/cavadenti\/\">cavadenti<\/a> ed al <a href=\"https:\/\/famiglia-greco.eu\/professioni-ed-altro\/professioni\/professioni-verificate-f1\/dentista\/\">dentista<\/a>, o al <a href=\"https:\/\/famiglia-greco.eu\/professioni-ed-altro\/professioni\/professioni-verificate-f1\/barbiere\/\">barbiere<\/a> ed al <a href=\"https:\/\/famiglia-greco.eu\/professioni-ed-altro\/professioni\/professioni-verificate-f1\/chirurgo\/\">chirurgo<\/a>.<\/p>\n<p>Inoltre, come anche detto in <a href=\"https:\/\/robertogreco.eu\/lessico-genealogico\/\">Lavoro, Condizione e Stato Sociale<\/a> i suddetti registri, soprattutto quelli dei secoli precedenti, non sono standardizzati: a volte \u00e8 indicato &#8220;professione&#8221;, altre volte &#8220;condizione&#8221; o &#8220;occupazione&#8221;. Quello che l&#8217;ufficiale dello stato civile, o il parroco o il notaio, ha poi scritto, pu\u00f2 essere una qualunque di queste attivit\u00e0 o stati.<\/p>\n<h2>Attivit\u00e0 secondo la Materia<\/h2>\n<p>Non dobbiamo dimenticare lo scopo di questo piccolo lessico: aiutare nelle ricerche genealogiche sulle nostre famiglie. Ricordando che soprattutto nei secoli passati i mestieri e gli strumenti per esercitarli, veninvano ereditati da padre a figlio, di solito al primogenito, e che per la maggior parte delle famiglie, queste operavano di solito nello stesso ambiente ed esercitavano mestieri, che anche se non erano gli stessi, erano esercitati elaborando le stesse materie.<\/p>\n<p>Non sembra quindi fuor di luogo classificare i mestieri con una tassonomia rivolta alle materie, siano esse state elaborate o anche solo usate. Per materia intendo anche i mezzi, sia meccanici che animali.<\/p>\n<p>La questione non \u00e8 per\u00f2 triviale. Se come professione su un atto \u00e8 indicato p.es. <a href=\"https:\/\/famiglia-greco.eu\/professioni-ed-altro\/esco-08\/esco08-03\/mercante\/\">mercante<\/a> senza la specificazione in che cosa commerciasse come in <a href=\"https:\/\/famiglia-greco.eu\/professioni-ed-altro\/professioni\/termini-da-includere-nel-lessico\/mercante-di-vini\/\">mercante di vini<\/a>, ecco che una classificazione per materia sembra non fattibile, similmente per <a href=\"https:\/\/famiglia-greco.eu\/professioni-ed-altro\/professioni\/professioni-verificate-f1\/commesso\/\">commesso<\/a>, dove il termine addirittura pu\u00f2 avere significati completamente diversi. D&#8217;altro canto un <a href=\"https:\/\/famiglia-greco.eu\/professioni-ed-altro\/professioni\/professioni-verificate-f1\/bracciante\/\">bracciante<\/a> usa molti strumenti per eseguire il suo lavoro, che pu\u00f2 consistere nella cura di animali , o nella produzione di piante commestibili o meno o in altre attivit\u00e0 correlate alla terra. Per tale motivo nella lista seguente, elenco anche il motivo per cui ho scelto di classificare una certa professione con una certa materia. Se nulla \u00e8 specificato si intende che la professione consisteva nel vendere, trattare, usare quella data materia.<\/p>\n<p>Il termine materia \u00e8 da me usato sia nell&#8217;accezione &#8220;<strong>1.a.<\/strong> &#8230; ci\u00f2 che costituisce tutti i corpi, la sostanza fisica che, assumendo forme diverse nello spazio, pu\u00f2 essere oggetto di esperienza sensibile&#8230;&#8221; che in quella di &#8220;<strong>4.a.<\/strong> Argomento in genere, soggetto di cui si tratta in una conversazione, in una conferenza, in un libro, ecc. ..:&#8221; e di &#8220;<strong>4.c.<\/strong> Disciplina di studio o d\u2019insegnamento e simili &#8230;&#8221; [<a href=\"https:\/\/www.treccani.it\/vocabolario\/materia\/\" target=\"_blank\" rel=\"noopener noreferrer\">Treccani<\/a>]. Quindi nell&#8217;esempio del <a href=\"https:\/\/famiglia-greco.eu\/professioni-ed-altro\/esco-08\/esco08-03\/mercante\/\" target=\"_blank\" rel=\"noopener noreferrer\">mercante<\/a>, cos\u00ec come del <a href=\"https:\/\/famiglia-greco.eu\/professioni-ed-altro\/professioni\/professioni-verificate-f1\/commesso\/\" target=\"_blank\" rel=\"noopener noreferrer\">commesso<\/a> e del <a href=\"https:\/\/famiglia-greco.eu\/professioni-ed-altro\/esco-08\/esco08-03\/negoziante\/\" target=\"_blank\" rel=\"noopener noreferrer\">negoziante<\/a> la materia sar\u00e0 il commercio, se altrimenti non specificato nell&#8217;atto da noi analizzato.<\/p>\n<p>Da ricordare qui che la lista delle <a href=\"https:\/\/robertogreco.eu\/lessico-genealogico\/definizioni-e-tassonomie\/attivita-per-materia\/\">professioni per materia<\/a> non comprende tutte le possibili professioni, ma solo quelle di interesse per la genealogia ovvere che sono state citate in qualche atto dello Stato Civile o in altri documenti, siano questi i registri parrocchiali, atti notarili, ecc.. La lista pu\u00f2 quindi espandersi a seconda di quello che si trova in documenti non ancora analizzati.<\/p>\n<ul>\n<li><strong>Alimentari e Ristorazione<\/strong>: comprende chi produce o vende materie commestibili, compresi i liquidi;<\/li>\n<li><strong>Armi e Militari<\/strong>: comprende chi produce, vende o usa le armi;<\/li>\n<li><strong>Arti e Strumenti<\/strong>: comprende le professioni che riguardano le arti, come quelle musicali e letterarie, comprese le professioni che permettono la produzione di tali arti, come per esempio chi produce strumenti musicali;<\/li>\n<li><strong>Ceramiche e Vetro<\/strong>: comprende le professioni che elaborano \u00a0le ceramiche, incluso argille e terracotte ed il vetro, cos\u00ec come chi vende i prodotti finiti fatti con esse;<\/li>\n<li><strong>Commercio<\/strong>: comprende le professioni che riguardano il vendere all&#8217;ingrosso o al dettaglio, se negli atti non \u00e8 specificato cosa fosse il prodotto principale venduto. Non comprende la vendita di soldi, intesa come il cambio di valute o il prestito degli stessi;<\/li>\n<li><strong>Edifici e simili<\/strong>: comprende le professioni che riguardano gli edifici o altre costruzioni, compreso la loro pianificazione e progettazione, la loro costruzione, ed il loro mantenimento ed abbellimento, la loro custodia, ma non la loro gestione amministrativa;<\/li>\n<li><strong>Elettriche ed Elettroniche<\/strong>: comprende le professioni che producono, usano o vendono impanti o apparati elettrici, comprese quelle professioni che vendono o usano i materiali per costruirli o ripararli;<\/li>\n<li><strong>Finanze e Denaro<\/strong>: comprende le professioni che riguardano le finanze ed il denaro, ovvero la loro amministrazione, comprese le tasse, gabelle, multe e tali professioni per riscuoterle;<\/li>\n<li><strong>Lavoro Manuale<\/strong>: comprende le professioni, non specializzate, che riguardano il lavoro manuale, comprese quelle professioni generiche come i factotum e non altrimenti classificabili, p.es. il <a href=\"https:\/\/famiglia-greco.eu\/professioni-ed-altro\/professioni\/professioni-verificate-f1\/giornaliere\/\">giornaliere<\/a> poteva essere chiamato per eseguire i pi\u00f9 disparati lavori, sia come un bracchiante che come un muratore;<\/li>\n<li><strong>Legno<\/strong>: comprende tutte quelle professioni che hanno a che fare con il legno, sia che lo producano, come p.es. il <a href=\"https:\/\/famiglia-greco.eu\/professioni-ed-altro\/professioni\/professioni-verificate-f1\/legnaiolo\/\">legnaiolo<\/a>, sia che lo elaborino, come p.es. il <a href=\"https:\/\/famiglia-greco.eu\/professioni-ed-altro\/professioni\/professioni-verificate-f1\/falegname\/\">falegname<\/a> o il <a href=\"https:\/\/famiglia-greco.eu\/professioni-ed-altro\/professioni\/professioni-verificate-f1\/carpentiere\/\">carpentiere<\/a>;<\/li>\n<li><strong>Macchine<\/strong>: comprende tutte quelle professioni che hanno a che fare con macchine o macchinari in genere;<\/li>\n<li><strong>Materiali non Preziosi<\/strong>: comprende le professioni che riguardano metalli e pietre non preziosi, compreso i prodotti chimici, sia la loro estrazione, lavorazione, produzione e vendita, escluse le professioni che trattano ceramiche, argille, terracotte e vetro (si veda pi\u00f9 sopra);<\/li>\n<li><strong>Materiali Preziosi<\/strong>: comprende le professioni che riguardano metalli e pietre preziosi, sia la loro estrazione, lavorazione, produzione e vendita;<\/li>\n<li><strong>Medicina e Cure Umane<\/strong>: comrende le professioni che riguardano la medicina o in generale le cure fisiche degli esseri umani, incluse quindi anche quelle professioni che un tempo non richiedevano una laurea in medicina. Incluse sono le professioni che si prendono cura dei trapassati;<\/li>\n<li><strong>Nobiliari<\/strong>: queste non sono professioni ma per lo pi\u00f9 titoli nobiliari;<\/li>\n<li><strong>Piante ed Animali<\/strong>: comprende le professioni che riguardano le piante e gli animali, compreso il loro allevamento e vendita, cos\u00ec come la loro cura, ma non la preparazione per i tessuti o la loro macellazione . Macellai ecc. sono compresi nella categoria <em>Alimentari e Ristorazione<\/em> (vedi pi\u00f9 sopra) n\u00e8 sono comprese le professioni per il trattamento del cotone e del cuoio, vedi per quest&#8217;ultimi pi\u00f9 sotto in <em>Stoffe e Pelli<\/em>;<\/li>\n<li><strong>Politica e Leggi<\/strong>: comprende le professioni che riguardano la politica, la pubblica amministrazione, cos\u00ec come quelle che riguardano leggi e tribunali. Inclusi sono anche i notaii e loro collaboratori o simili;<\/li>\n<li><strong>Religione<\/strong>: comprende le professioni che riguardano la religione cos\u00ec come i titoli che la riguardano;<\/li>\n<li><strong>Sport<\/strong>: comprende le professioni che riguardano lo sport, sia chi lo pratica, che chi lo gestisce o lo rende possibile mettendo a disposizione luoghi o impianti;<\/li>\n<li><strong>Stoffe e Pelli<\/strong>: comprende le professioni che elaborano e vendono sia stoffe che pelli;<\/li>\n<li><strong>Trasporto e Mezzi di Trasporto<\/strong>: comprende le professioni che riguardano il trasporto di cose e persone, cos\u00ec come quelle che riguardano la costruzione, la riparazione, la vendita, il noleggio dei mezzi di trasporto o parte di essi;<\/li>\n<li><strong>Varie<\/strong>: comprende tutte quelle professioni che non sono riuscito a classificare in modo per me soddisfacente nelle categorie precedenti o quelle che pur potendole classificate avrebbero generato una lista con un solo termine.<\/li>\n<\/ul>\n<h2>Attivit\u00e0 secondo la Classificazione Europea (E.S.C.O.)<\/h2>\n<p>Le nove categorie principali secondo la Classificazione Europe ([<a href=\"https:\/\/famiglia-greco.eu\/riferimenti\/riferimenti-mestieri\/esco-08\/\">esco-08<\/a>]) sono (nell&#8217;ordine e con il codice [<a href=\"https:\/\/famiglia-greco.eu\/riferimenti\/riferimenti-mestieri\/isco-08\/\">isco-08<\/a>] corrispondete):<\/p>\n<ol start=\"0\">\n<li>Forze Armate<\/li>\n<li>Dirigenti<\/li>\n<li>Professioni intelletuali e scientifiche<\/li>\n<li>Professioni tecniche intermedie<\/li>\n<li>Impiegati di ufficio<\/li>\n<li>Professioni nelle attivit\u00e0 commerciali e nei servizi<\/li>\n<li>Personale specializzato addetto all&#8217;agricoltura, alle foreste e alla pesca<\/li>\n<li>Artigiani e operai specializzati<\/li>\n<li>Conduttori di impianti e macchinari e addetti al montaggio<\/li>\n<li>Professioni non qualificate<\/li>\n<\/ol>\n<p>La classificazione europea considera le professioni come eseguite da personale che abbia ottenuto una qualificazione riconosciuta dallo stato. In passato la <em>qualificazione<\/em> era per\u00f2 trasmessa dal Maestro (o Mastro, M\u00b0) al l&#8217;apprendista, per lo pi\u00f9 per via orale e nella pratica del lavoro stesso. Tale qualificazione non era per\u00f2, se non in casi rarissimi, <em>certificata<\/em> da nessun pezzo di carta. La categoria 9 dell&#8217; [<a href=\"https:\/\/famiglia-greco.eu\/riferimenti\/riferimenti-mestieri\/esco-08\/\">esco-08<\/a>] prevede delle <em>Professioni non qualificate<\/em>, ma queste non corrispondono a quelle di un tempo, in quanto qualificate, come detto, \u00e8 da intendere come sinonimo di <em>eseguita da personale avente un attestato<\/em>. La categoria 9 include quindi tutte quelle professioni per le quali non si richieda un&#8217;istruzione, in passato invece erano in molti ad essere <em>senza istruzione<\/em> nel senso moderno del termine pur essendo dei veri maestri nella loro professione (questo in effetti succede anche al giorno d&#8217;oggi, per gli autodidatta, che pur non avendo un titolo raggiungono posizioni molto alte nel loro mestiere. Di esempi ce ne sono molti, in tutto il mondo).<\/p>\n<p>Come per la <a href=\"https:\/\/robertogreco.eu\/lessico-genealogico\/definizioni-e-tassonomie\/attivita-per-materia\/\">classificazione per materia<\/a>, anche quella secondo la <a href=\"https:\/\/robertogreco.eu\/lessico-genealogico\/definizioni-e-tassonomie\/e-s-c-o-classificazione-europea-di-abilita-competenze-qualifiche-e-occupazioni\/\">Classificazione Europea<\/a> non comprende tutte le professioni ma solo quelle di interesse per la genealogia, ovvero quelle di interesse per la genealogia ovvere che sono state citate in qualche atto dello Stato Civile o in altri documenti, siano questi i registri parrocchiali, atti notarili, ecc..<\/p>\n<h2>Conclusione<\/h2>\n<p>Per le considerazioni sopra esposte, la seguente \u00e8 la tassonomia considerata in queste pagine per le professioni, occupazioni, condizioni, ecc.<\/p>\n<ul>\n<li>Professioni ed altro\n<ul>\n<li>Professioni;<\/li>\n<li>Occupazioni;<\/li>\n<li>Condizioni;<\/li>\n<li>Titoli.<\/li>\n<\/ul>\n<\/li>\n<\/ul>\n<ul>\n<li style=\"list-style-type: none;\"><\/li>\n<\/ul>\n<hr \/>\n<p>L&#8217;immagine dell&#8217;intestazione \u00e8 di Foto di ree-Photos (<a href=\"https:\/\/pixabay.com\/photos\/\" target=\"_blank\" rel=\"noopener noreferrer\">https:\/\/pixabay.com\/photos\/<\/a>) da Pixabay <a href=\"https:\/\/pixabay.com\/it\/\" target=\"_blank\" rel=\"noopener noreferrer\">https:\/\/pixabay.com\/it\/<\/a>.<\/p>\n<p><sup>[<a name=\"nota0\"><\/a>0]<\/sup> Immagine di F l a n k e r from the original paint of Paolo Paschetto &#8211; <a href=\"https:\/\/www.quirinale.it\/\" target=\"_blank\" rel=\"noopener noreferrer\">https:\/\/www.quirinale.it\/<\/a>, web site of the President of the Italian Republic., Pubblico dominio, <a href=\"https:\/\/commons.wikimedia.org\/w\/index.php?curid=1649183\" target=\"_blank\" rel=\"noopener noreferrer\">https:\/\/commons.wikimedia.org\/w\/index.php?curid=1649183<\/a>.<br \/>\n<sup>[<a name=\"nota0b\"><\/a>0b]<\/sup> Articolo 1 della Costituzione Italiana.<br \/>\n<a name=\"nota1\"><\/a><sup>[1]<\/sup> &#8220;&#8230; la normalizzazione \u00e8 un procedimento volto all&#8217;eliminazione della ridondanza informativa e del rischio di incoerenza dal database. Esistono vari livelli di normalizzazione (forme normali) che certificano la qualit\u00e0 dello schema del database&#8230;&#8221; [<a href=\"https:\/\/it.wikipedia.org\/wiki\/Normalizzazione_(informatica)\" target=\"_blank\" rel=\"noopener noreferrer\">wikipedia<\/a>, 27.10.2020-10:50].<br \/>\n<a name=\"nota2\"><\/a><sup>[2]<\/sup> &#8220;&#8230; Con il termine tassonomia, dunque, ci si pu\u00f2 riferire sia alla classificazione gerarchica di concetti, sia al principio stesso della classificazione. Praticamente tutti i concetti, gli oggetti animati e non, i luoghi e gli eventi possono essere classificati seguendo uno schema tassonomico. &#8230;&#8221;\u00a0[<a href=\"https:\/\/it.wikipedia.org\/wiki\/Tassonomia\" target=\"_blank\" rel=\"noopener noreferrer\">wikipedia<\/a>, 27.10.2020-11:00].<br \/>\n<sup>[3]<\/sup> Non concordando appieno con la definizione di genealogia data dal [Treccani] &#8220;Disciplina che tratta dell\u2019origine e della discendenza di famiglie e di stirpi; con la cronologia, la diplomatica ecc. \u00e8 una delle dottrine ausiliarie della storia. &#8230;&#8221;, in quanto la considera come dottrina ausiliare della sola storia, considero su queste pagine la definzione di genealogia come scienza che segue la &#8220;&#8230; La ricerca genealogica, come qualsiasi altra istanza scientifica che voglia pervenire a risultati certi e, come tali, verificabili, si attua attraverso l&#8217;esplicitazione di un metodo, fondato nel caso specifico su conoscenze interdisciplinari che, coniugando in modo sistematico esperienze di carattere storico-sociale, archivistico e giuridico (diritto di famiglia), nonch\u00e9 socio-linguistico (onomastica) e di storia della scrittura (paleografia), forniscano gli strumenti idonei per reperire, leggere, comprendere e contestualizzare le fonti.&#8221; [<a href=\"https:\/\/it.wikipedia.org\/wiki\/Genealogia\" target=\"_blank\" rel=\"noopener noreferrer\">wikipedia<\/a>, 27.10.2020-14:30]. Preferisco la definizione data in\u00a0[<a href=\"https:\/\/it.wikipedia.org\/wiki\/Genealogia\" target=\"_blank\" rel=\"noopener noreferrer\">wikipedia<\/a>] soprattutto perch\u00e9 considera &#8220;conoscenze interdisciplinari&#8221;, vedi anche <a href=\"https:\/\/famiglia-greco.eu\/genetealogia\/\">genealogia<\/a>.<br \/>\n<a name=\"nota4\"><\/a><sup>[4]<\/sup> dal De Bello Gallico, Liber VI , XI in [<a href=\"https:\/\/famiglia-greco.eu\/palladio1820\/\">palladio1820<\/a>, pag. 262]. Perch\u00e9 questa citazione? Questo \u00e8 l&#8217;unico passo del De Bello Gallico che mi ricordo dai miei studi di latino al V Ginnasio!<br \/>\n<a name=\"nota5\"><\/a><sup>[5]<\/sup> &#8220;&#8230; uno dei principali gruppi etnici della popolazione e relativa lingua &#8220;roman\u00ed&#8221;, conosciuti anche come &#8220;gitani&#8221; o &#8220;zingari&#8221;, anticamente originaria dell&#8217;India del nord. &#8230;&#8221; [<a href=\"https:\/\/it.wikipedia.org\/wiki\/Rom_(popolo)\" target=\"_blank\" rel=\"noopener noreferrer\">wikipedia<\/a>, 27.10.2020-15:00].<\/p>\n","protected":false},"excerpt":{"rendered":"<p>Sugli atti dello stato civile (p.es. nascita, matrimonio, morte), ed a volte anche nei rigistri parrocchiali (p.es. battesimo, matrimonio, morte), ma anche in genere in altri atti, come quelli notarili, tra le varie caratteristiche di una persona, sia essa il titolare dell&#8217;atto o un testimone o un dichiarante, \u00e8 indicata la professione, l&#8217;occupazione o la [&hellip;]<\/p>\n","protected":false},"author":1,"featured_media":0,"parent":0,"menu_order":2,"comment_status":"closed","ping_status":"closed","template":"","meta":{"footnotes":""},"class_list":["post-26","page","type-page","status-publish","hentry"],"_links":{"self":[{"href":"https:\/\/robertogreco.eu\/lessico-genealogico\/wp-json\/wp\/v2\/pages\/26","targetHints":{"allow":["GET"]}}],"collection":[{"href":"https:\/\/robertogreco.eu\/lessico-genealogico\/wp-json\/wp\/v2\/pages"}],"about":[{"href":"https:\/\/robertogreco.eu\/lessico-genealogico\/wp-json\/wp\/v2\/types\/page"}],"author":[{"embeddable":true,"href":"https:\/\/robertogreco.eu\/lessico-genealogico\/wp-json\/wp\/v2\/users\/1"}],"replies":[{"embeddable":true,"href":"https:\/\/robertogreco.eu\/lessico-genealogico\/wp-json\/wp\/v2\/comments?post=26"}],"version-history":[{"count":3,"href":"https:\/\/robertogreco.eu\/lessico-genealogico\/wp-json\/wp\/v2\/pages\/26\/revisions"}],"predecessor-version":[{"id":957,"href":"https:\/\/robertogreco.eu\/lessico-genealogico\/wp-json\/wp\/v2\/pages\/26\/revisions\/957"}],"wp:attachment":[{"href":"https:\/\/robertogreco.eu\/lessico-genealogico\/wp-json\/wp\/v2\/media?parent=26"}],"curies":[{"name":"wp","href":"https:\/\/api.w.org\/{rel}","templated":true}]}}